 + -16. What is the remainder when s is divided by 5?
3
Suppose -3*i + 48 = 3*p, 50 = 2*p - 8*i + 4*i. Calculate the remainder when p is divided by 7.
5
Let b be (2 - (-63)/3) + 1. Suppose -5*o + 2*n = -0*n - 21, b = 5*o - 3*n. Let u(j) = 2*j**2 - 3. Calculate the remainder when 29 is divided by u(o).
14
Let q = 39 + -21. Suppose f - 60 = -f. Suppose 3*g - 126 = -r + f, 174 = 3*g - 5*r. Calculate the remainder when g is divided by q.
17
Let v = 41 - 15. Calculate the remainder when 102 is divided by v.
24
Let x(a) = -a**3 - 12*a**2 - 15*a + 14. What is the remainder when x(-11) is divided by 15?
13
Let a(q) = -q + 22. What is the remainder when 25 is divided by a(15)?
4
Suppose 0*l = 5*l - 15. Suppose 0 + 9 = l*w. Suppose 18 = 2*y + 5*i, -w*i + 2 = 14. What is the remainder when 56 is divided by y?
18
Let d = 5 + -1. Suppose -l + 9 = 3*c, -5*c = -5*l + d + 1. Suppose -13 = -c*z + 11. What is the remainder when 34 is divided by z?
10
Let f = 206 - 121. Calculate the remainder when f is divided by 30.
25
Let v = 13 + -4. What is the remainder when v is divided by 3?
0
Let w(u) = 21*u**2 + 2*u + 1. Calculate the remainder when w(2) is divided by 23.
20
Suppose -3*h = -5*h + 36. What is the remainder when 35 is divided by h?
17
Let j = 7 - -4. Calculate the remainder when j is divided by 3.
2
Let m = 130 + -70. Calculate the remainder when m is divided by 16.
12
Suppose -p - 3*p = -2*m + 10, -p = -5*m + 7. Let j = -7 - -20. What is the remainder when j is divided by (p - -1)/((-1)/5)?
3
What is the remainder when 80 is divided by ((-3)/(-2)*4)/((-24)/(-108))?
26
Suppose -2*l - 5*b = -7*l, 3*b = -3*l + 30. Suppose 0 = 2*k - 0*k - 16. Calculate the remainder when k is divided by l.
3
Suppose 55 + 65 = v. Suppose -2*z = 2*z + 4*c - v, 0 = 4*z - 2*c - 144. Calculate the remainder when z is divided by 18.
16
Suppose 0*g = -3*g + 15, -4*g = 2*o + 46. Let u = -21 - o. Calculate the remainder when 35 is divided by u.
11
Suppose 4*w + 10 = 2*q, 1 - 5 = -2*q - 2*w. Suppose 0*i - 68 = -q*i - 4*x, 0 = -5*i + 3*x + 65. Calculate the remainder when i is divided by 9.
7
Let g(f) = 2*f - 2. Suppose -2 = -2*m + m. What is the remainder when g(2) is divided by m?
0
Suppose -11 = v - 2*v + 2*u, 4*v - 62 = 2*u. Let y = -83 - -131. What is the remainder when y is divided by v?
14
Let i(t) = 2*t - 12. Let g be i(8). Suppose g*r = 2*r + 22. What is the remainder when 20 is divided by r?
9
Let c(f) = -3*f + 13. Let l be c(-6). Suppose -o = -l - 23. What is the remainder when o is divided by 14?
12
Let l = -4 + 8. Suppose -l*s + 291 = 107. Suppose -u - s = -2*u. What is the remainder when u is divided by 12?
10
Suppose p = 3*x - 4 + 14, -16 = -3*p - 5*x. What is the remainder when 27 is divided by p?
6
Suppose o - 50 = -4*o. What is the remainder when 47 is divided by o?
7
Suppose 0*i = -4*i + 4100. Let x be (-1)/3 + i/15. Suppose 4*g - x = -2*d, -4*d = -2*g - 105 - 31. What is the remainder when d is divided by 18?
16
Suppose 35 = 3*l - 4. Let y(d) = -d**2 + 8*d - 5. Calculate the remainder when l/((-2)/(-3 - -1)) is divided by y(6).
6
Let z(a) = 2*a + 27. Let y(q) = q + 14. Let l(o) = -7*y(o) + 4*z(o). What is the remainder when l(11) is divided by 11?
10
Let y(p) = -p**3 - 4*p**2 + 3*p - 7. Calculate the remainder when y(-5) is divided by 1.
0
Suppose -5*q + 4 = -1. Calculate the remainder when q is divided by 1.
0
Let r = 8 + -3. Suppose r*q - 45 = 35. What is the remainder when q is divided by 6?
4
Suppose -530 + 85 = 5*i. Let r = 130 + i. What is the remainder when r is divided by 11?
8
Suppose -24 = -3*z - 4*h, 0 = 3*z + h - 0*h - 15. Suppose z*v = 26 + 54. What is the remainder when 59 is divided by v?
19
Suppose -j - x + 1 = -6, -2*x = -5*j + 35. Suppose 0 = -4*t + 8. Let o = 0 + t. What is the remainder when j is divided by o?
1
Let u = -133 - -159. Let y(f) = -f**2 + 3*f. Let c be y(3). Calculate the remainder when 4*(77/4 + c) is divided by u.
25
Let z be (-17)/(-1) + -4 + 5. Let o = 27 + z. Calculate the remainder when o is divided by 16.
13
Suppose -2*q - 3*q + 165 = 0. Calculate the remainder when q is divided by 18.
15
Let k = 22 - 18. Suppose -5*z = -i, -4*i + 20 = -2*z + 2. What is the remainder when i is divided by k?
1
Let r(n) = -2*n + 3. Calculate the remainder when r(-4) is divided by 3.
2
What is the remainder when (0 - 48/(-10))*5 is divided by (162/(-4))/3*(-52)/78?
6
Let y(h) = -h**3 - 14*h**2 - 16*h - 7. What is the remainder when 93 is divided by y(-13)?
29
Let g(z) = -4*z - 33. Suppose f + 30 = 2*f. Calculate the remainder when f is divided by g(-11).
8
Let c = -28 - -53. Calculate the remainder when 99 is divided by c.
24
Suppose -2*p + 2*m + 0*m = -28, 2*p - 52 = -4*m. What is the remainder when p is divided by 7?
4
Let q(h) = -4*h + 2. Suppose -3*z = 2*z - 40. Calculate the remainder when q(-3) is divided by z.
6
Suppose -4*r = -2*j - 3*j + 318, 4*r = 12. What is the remainder when 195 is divided by j?
63
Let l(i) = i + 8. Let a be l(-6). Suppose 2*c - 2*d - 34 = 0, 2*c - a*d = -c + 49. Calculate the remainder when 28 is divided by c.
13
Let a = 14 - -12. What is the remainder when 51 is divided by a?
25
Suppose 4*r = -r + 125. Let y = r - 3. Calculate the remainder when y is divided by (-3 - 3)*(-16)/12.
6
Suppose 0 = -5*r - 4*n - 22, -5*r + 11*n - 13*n - 26 = 0. Let t(y) = y + 1. Let w be t(-4). What is the remainder when (r - w)/((-12)/64) is divided by 9?
7
Let u(j) = -j**3 - 13*j**2 - 13*j + 14. Calculate the remainder when u(-12) is divided by 9.
8
Suppose -2*s - 48 = -2*w, 4*s - 8*s = -8. What is the remainder when 76 is divided by w?
24
Suppose -43 = -5*f + 4*b + 40, -35 = -2*f + b. Calculate the remainder when f is divided by (-19)/(-3) + 11/((-330)/40).
4
Let x(q) = 4 - 4*q + q + q. Let s = 13 - 3. What is the remainder when x(-7) is divided by s?
8
Suppose g - 2*t = 87, -2*g + 110 + 69 = -5*t. Suppose -326 = -17*n + 14. Calculate the remainder when g is divided by n.
17
Suppose -3*w + 39 - 6 = 0. Let f be -2 - (-7 + (0 - -2)). Suppose 29 = f*m - 31. What is the remainder when m is divided by w?
9
Let g = -6 + 46. Let t = 77 + -63. What is the remainder when g is divided by t?
12
Suppose 9*c - 13*c + 48 = 0. Calculate the remainder when c is divided by 4.
0
Suppose -w + 3*p - 1 = 0, 3*w + 0*p = 5*p + 17. Let x be ((-4)/(-3) + -2)*-3. What is the remainder when w is divided by 5 + 6/(-3) + x?
4
Suppose 0 = -3*f + 15*f - 144. Let v(q) = -10*q - 5. What is the remainder when v(-4) is divided by f?
11
Let q(s) = 4*s**2 + s + 1. Calculate the remainder when q(-1) is divided by 4.
0
Let p(f) = -f**2 - 5*f - 2. Let b be p(-4). Suppose l = -b*l + 129. Calculate the remainder when l is divided by 23.
20
Let t(k) = -k**3 - 8*k**2 - 9*k - 1. Let r = 2 - 0. Calculate the remainder when 182/5 + r/(-5) is divided by t(-7).
10
Suppose 2*g = 3*i - 96, -4*i = 4*g - 7*g - 127. Calculate the remainder when i is divided by 9.
7
What is the remainder when ((-80)/(-12))/(4/78) is divided by 33?
31
Let t = 10 - 16. Let g = t + 14. Calculate the remainder when 21 is divided by g.
5
Let z(s) = s**2 + 1. Let n be z(-1). Let d be (-4)/(-22) - n/11. Suppose 5*x - 3*u + d = 57, 29 = 5*x + 4*u. What is the remainder when 24 is divided by x?
6
Suppose -4*o - 76 = -8*o. What is the remainder when 75 is divided by o?
18
Suppose 5*a - 120 = 3*f + 76, 0 = f - 3. Calculate the remainder when 122 is divided by a.
40
Let d = 63 - 35. Suppose 7*t - 4*t = 60. Suppose 4*a = 2*a + t. Calculate the remainder when d is divided by a.
8
What is the remainder when 2 is divided by 5*(0 - 3/(-15))?
0
Suppose 44 = 2*f + 4. What is the remainder when 38 is divided by f?
18
Calculate the remainder when 66 is divided by 6/(-4)*136/(-12).
15
Let t(m) = -m**3 + 8*m**2 - 7*m + 2. Let y be 6*6/4 + -2. Let h(x) = x**2 - 3*x + 3. What is the remainder when h(3) is divided by t(y)?
1
Let y(b) = 4*b**2 - 5*b - 15. Calculate the remainder when y(-6) is divided by 40.
39
Suppose -6*o + o - 10 = 0. Calculate the remainder when 6 is divided by -1 - -6 - (o - -5).
0
Suppose -4*j = 3*i - 162, 3*i - 1 = -7. What is the remainder when j is divided by 11?
9
Let y(i) = -i**3 - 11*i**2 + 9*i - 10. Suppose -h = -3*r + 18, 2*r = 3*h + 2 + 3. Calculate the remainder when y(-12) is divided by r.
5
L